 = 2*v + 2. Let c be (-5)/(r/(2 - 1)). Let z(q) = -q + 6. What is z(c)?
1
Let a(r) = r**2 + 7*r + 7. Let f be a(-5). Let x(k) = 6*k + 4. What is x(f)?
-14
Let s(p) = 2*p**3 + 3*p**2 - 2*p - 2. Let g(v) = -v**3 - 4*v**2 + v + 3. Let r(q) = 3*g(q) + 2*s(q). Let j be 1/(-2) - (-39)/6. Give r(j).
-1
Let z(w) be the first derivative of -w**4/4 - 2*w**3 + 4*w**2 - 11. Calculate z(-7).
-7
Let c(d) be the second derivative of d**5/20 - 7*d**4/12 + d**3 - 2*d**2 - 3*d. Calculate c(6).
-4
Let s(c) = c - 3. Let z(q) = -q**3 + q**2 + 3*q - 2. Let a be z(-2). Give s(a).
1
Let v(l) be the first derivative of -l**4/4 + l**3/3 + 3*l - 1. Let f be (-2)/(-7) - 12/42. What is v(f)?
3
Suppose -3*w - 20 = 34. Let u = w - -11. Let y(d) = d - 1. Determine y(u).
-8
Let o = -17 - -20. Let b(v) = 5*v**3 - o*v**3 - v - 4 - v**3 - v**2 - 2*v. Determine b(3).
5
Suppose 0*d + d - 1 = 0. Let k = 3 + 0. Let q(c) = k*c**3 + 3*c**2 - 3*c**2 - 2*c**3 - c**2. Give q(d).
0
Let z(g) = 3*g**2 + g. Let w = -27 + 26. Determine z(w).
2
Let l(n) = n**2 + 6*n - 8. Let o be l(-7). Let p be (-1)/o - (-1 - 1). Let c(v) = 6*v + 0*v + 2 + v**p + 0*v**2 - 3*v + v**2. Calculate c(-2).
-8
Let q(a) = -3*a**3 + a**2 + a - 1. Let s(k) = k**3 + 2*k**2 - 5*k - 5. Let y be s(-3). Calculate q(y).
-2
Let o(m) = 0 + 4*m + 3 - 3*m. Let q(u) = -u**2 + 2*u + 5. Suppose -3*i = 3*z, -4*z + 2*z = -2*i - 16. Let d be q(z). Give o(d).
0
Suppose a = 5*a - 16. Let f(j) = -a - j + 3*j + 2 - 4*j. Determine f(2).
-6
Let b(y) = 8*y**3 + 2*y**2 - 3. Let s(f) = 2*f - 1. Let q be s(4). Let h(o) = 16*o**3 + 3*o**2 - 5. Let w(c) = q*b(c) - 4*h(c). Determine w(-1).
9
Suppose 0 = 5*d + 20, 32 = 5*r + 2*d - 15. Let f = -8 + r. Let g(a) = -a**2 + 4*a - 2. Calculate g(f).
1
Let y(p) be the first derivative of -p**4/4 + 7*p**3/3 - 2*p**2 - 5*p + 64. Give y(5).
25
Let u be (-1 + 2)*(1 - (4 + -3)). Let f(q) = 7*q + 6. Let x(g) = -g. Let r(t) = f(t) + 6*x(t). Give r(u).
6
Let w(b) = -b**3 + 6*b**2 + 2*b - 7. Let h = -77 - -83. Determine w(h).
5
Let d(j) be the second derivative of j**5/20 - j**3/6 - 11*j**2/2 + 2*j. Let q(n) = n + 7. Suppose 0*r - 5*r - 35 = 0. Let t be q(r). Calculate d(t).
-11
Suppose 2*n - 3 = 3*c, -n + 2*n = 3*c + 3. Suppose n = -7*j + 2*j. Let b(g) = -g**2 + g + 5. What is b(j)?
5
Let o(z) = -z**2 - 2*z + 2. Let g be o(-2). Suppose g*w - 3 = -w. Let x(i) be the third derivative of -i**5/6 + i**4/24 - 10*i**2 + 4. Give x(w).
-9
Let i(l) = l + 2. Let w be i(-2). Suppose -4 = -w*h + 2*h. Let g(a) = a**3 + 4*a**2 + 2*a + 3. Give g(h).
7
Let w(a) = -a + 1. Let u be w(3). Let r = -11 + 10. Let k(v) = v**3 + 6*v**2 + 4*v + 4. Let y(p) = -p**3 - p**2 + p - 1. Let f(g) = r*k(g) + u*y(g). Give f(5).
-7
Suppose -3*m + 6 = -m. Suppose -2 - 13 = m*l. Let o(r) = -r - 1. Determine o(l).
4
Let f be (3 + 0)/(3/(-9)). Let z = 6 + f. Let b(t) = t + 1. Give b(z).
-2
Let n(q) = 2*q**2 + 4*q. Let m be n(-3). Let y be ((-20)/m)/((-14)/21). Let u(o) = o**3 - 6*o**2 + 5*o + 7. Calculate u(y).
7
Suppose -z - 5 - 1 = 0. Let k(f) = -f. What is k(z)?
6
Let y(b) be the second derivative of 5*b**4/12 - b**3/6 - 2*b. Calculate y(-1).
6
Let b(f) = -14*f**3 + 2*f**2 - 1. Let q(y) = y**3 - 9*y**2 - 8*y - 19. Let t be q(10). Determine b(t).
-13
Let z(w) = -w**2 + 7*w - 5. Let x = 9 - 7. Suppose x*c = c - 1. Let q be c*(-2 + 1) + 4. Determine z(q).
5
Let t = 10 - 7. Let a(d) = -d**3 + 5*d**2 - 3*d - 4. Determine a(t).
5
Let m(c) = -c**2 - 5*c + 4. Let o be 24/(-5) - 9/45. Give m(o).
4
Let z(y) = -1. Suppose 0*v - 5*b = -3*v - 23, 0 = 4*v + 2*b - 4. Let q(x) = x + 5. Let c(r) = v*q(r) - 6*z(r). Give c(-3).
4
Suppose -3*p - 59 = b, 0 = -p - p + b - 41. Let d be (-18)/(-22) - p/110. Let a(m) = -m - 4. Let i(s) = 5. Let f(r) = -6*a(r) - 5*i(r). Calculate f(d).
5
Let b(x) = x**3 - x**2 - x + 1. Suppose 4*a = 5*l + 30, 4*l + 0*l = -4*a + 12. Suppose 15 = a*i + 10. What is b(i)?
0
Suppose 0 = -4*x - 4, 3*z - 2*x - 8 - 6 = 0. Let d(l) be the third derivative of -2*l**2 + 0*l - 1/60*l**5 + 1/6*l**3 + 0 + 1/12*l**z. Calculate d(3).
-2
Let k(v) = -2*v + v + 4*v**2 + 4*v + 1 - 4*v. What is k(1)?
4
Let c(b) be the first derivative of -b**4/4 - 2*b**3 + 2*b**2 - 8*b + 10. Give c(-7).
13
Let y(p) = p**2 + p - 4. Let t(s) = 2*s**2 + 3*s - 8. Let m(c) = 3*t(c) - 7*y(c). Determine m(-3).
-11
Suppose -g + 2 = -5*b, 6*b = 2*b - 2*g + 4. Let x(j) be the third derivative of 3*j**2 + 0*j + 1/6*j**4 + 2/3*j**3 - 1/60*j**5 + b. What is x(3)?
7
Let s(c) = 2*c - 1. Let q = -11 + 12. What is s(q)?
1
Let c(r) = r**2 - 4*r - 2. Suppose 9 = -v - 5*l, 0*v + 5*v + 2*l - 24 = 0. Give c(v).
10
Let p(o) = -1 + 6 + 3*o - 2. Let t(k) = -4*k - 4. Let q(b) = -5*p(b) - 4*t(b). Calculate q(1).
2
Let r(y) = 4*y + 3. Let w = -13 + 9. Calculate r(w).
-13
Let b = -33 - -28. Let x(k) = -k - 4. Determine x(b).
1
Let k(q) = -2*q**2 + 4 + 4*q + q**2 - q**2 - 6. Let b = 6 - 3. Suppose 5*o - r = 14, 4*r - 4 = -4*o + b*r. Determine k(o).
-2
Let g = 2 + 1. Let y(z) = -3 - z - 5 + g + 0. What is y(-3)?
-2
Let l(g) be the third derivative of g**5/60 + g**4/6 - 2*g**3/3 - 26*g**2. Calculate l(-6).
8
Suppose 2*k = 3*k. Let n = -4 - k. Let l(o) = 7*o**2 - 10*o - 11. Let a(f) = -3*f**2 + 5*f + 5. Let c(x) = 9*a(x) + 4*l(x). Calculate c(n).
-3
Let q(y) = -y + 9. Let w be q(10). Suppose 2*u - 4*h + 16 = 6*u, 2*u - 8 = -5*h. Let d(n) = -2*n + u*n + 2*n. Calculate d(w).
-4
Let p(j) = j**3 - 14*j**2 + 12*j + 17. Let g be p(13). Suppose -g*f = f - 30. Let t(q) = q - 2. Give t(f).
4
Let t be 1/(-2)*(-12)/2. Let q be (0/(-1)*1)/(-2). Let i(v) = q*v**3 + t*v**3 - v**2 + 2*v**3. Give i(-1).
-6
Let k(y) = -6*y. Let s(q) = -18*q. Let p(w) = -17*k(w) + 6*s(w). Suppose 3*t + t + 4 = 0. Calculate p(t).
6
Let v(c) be the first derivative of -5*c**2/2 - 3*c - 2. Let a(h) = 3*h + 2. Let m(t) = 7*a(t) + 4*v(t). Let g be 2/(-6) - 30/(-9). Calculate m(g).
5
Let o(m) = 4*m - 1. Suppose -2*y + j + 8 = 0, 2*j = 2*y + 2 - 8. Let i(d) = d**3 - 4*d**2 - 6*d + 4. Let q be i(y). Give o(q).
-5
Let d be (-2 - (-21)/12)*0. Suppose 0 = -2*p - d - 12. Let f(a) = a + 8. What is f(p)?
2
Let d(r) be the first derivative of -r**3/3 - 3*r**2/2 - 3*r + 8. Give d(-2).
-1
Let u(w) = 3*w**2 - 1. Let d(m) = 8*m**2. Let n be d(-1). Suppose 57 - 15 = -6*f. Let s = f + n. Give u(s).
2
Let l(c) be the second derivative of c**3/6 - 2*c**2 + 2*c. Let k(q) = 5*q**2 - q. Let x be k(1). Calculate l(x).
0
Suppose c - 4*c + 15 = 0. Let g(b) = 3*b**2 - 2*b**3 - b**3 + 4*b**3 - c*b. Determine g(-4).
4
Let j(u) be the third derivative of 1/20*u**5 + 0*u**4 - 2*u**2 - 2/3*u**3 + 1/120*u**6 + 0 + 0*u. Calculate j(-3).
-4
Let x = 0 + -2. Suppose 0 = 9*z - 7*z - 2. Let u(w) = -1 + w + z - 2*w + 1. Give u(x).
3
Let r be (-2 + -10 - -2)/(-2). Let m(d) be the third derivative of -1/3*d**3 + 0 + 1/12*d**4 - d**2 + 0*d. Calculate m(r).
8
Let y = 4 + 1. Let q(b) be the first derivative of -b**2/2 + 6*b + 6. Determine q(y).
1
Let w(r) = -r**3 - 5*r**2 + r. Suppose -h = h - 10. Suppose -h*f - 39 = -14. Let n(p) = -p**2 - 5*p - 5. Let v be n(f). Calculate w(v).
-5
Let j(r) = 3*r**3 + 2*r**2 - r + 4. Let p(n) = n**3 - n**2 + 1. Let c(z) = j(z) - 2*p(z). Suppose -3*l + 6*l + 12 = 0. Calculate c(l).
6
Let k(j) be the second derivative of j**4/2 - j**3/3 + j**2/2 + 15*j. Determine k(1).
5
Let a = -8 + 4. Let x = a - -5. Let v(y) = 3*y + 0*y + y. What is v(x)?
4
Suppose -4 = -2*r + 2. Let f(c) = 0 + 0*c - 4*c - 3 + c**2. Calculate f(r).
-6
Let r be -1*5/10*-1. Let m(l) be the first derivative of r*l**2 - 12*l + 1/3*l**3 + 1/4*l**4 + 2. What is m(0)?
-12
Let w(q) be the second derivative of 0 + 0*q**2 - 1/12*q**4 - 3*q + 1/6*q**3 - 3/20*q**5. Determine w(1).
-3
Let o(k) = k - k + 1 + k. Let p(n) = -n**2 + 4*n. Suppose 4*i - 1 = 3*s, i + 0 + 11 = 3*s. Let a be p(s). Give o(a).
-4
Let c be (-2)/(-4) + 66/(-12). Suppose 0*w = -5*w + 15. Let g(m) = 6 + w*m + 5 - 6 - 2*m. What is g(c)?
0
Let m(v) = 4*v + 3. Let t(u) = 1. Let c(j) = m(j) - t(j). Determine c(2).
10
Suppose 2*n = -4 + 8. Let d(k) = -3*k + 2. Let b(a) = 13*a - 7. Let l(z) = 2*b(z) + 9*d(z). Calculate l(n).
2
Let l(c) = 3*c**3 + 4*c**2 + 5*c - 9. Let i(z) = 8*z**3 + 11*z**2 + 14*z - 26. Let o(t) = 4*i(t) - 11*l(t). Suppose 0 = 2*s - 3*s + 3*q, -4*s = 5*q. Give o(s).
-5
Let u(k) = k**3 + 1 + 2*k**2 + 5 + 2*k**2 + 2*k. 